). Suppose c*m + 599 = o*j, 607 = 2*j + m + 2*m. What are the prime factors of j?
2, 151
Let f(w) = 1096*w**2 - 236*w + 1714. What are the prime factors of f(7)?
2, 3, 29, 103
Let m be 3 + 6 + (-50)/5. What are the prime factors of (2 - m)*(-218)/(-6)*1?
109
Suppose -5*j = 0, 0*v + v = 2*j + 3*j + 11026. List the prime factors of v.
2, 37, 149
Suppose 4*q = -0*q - 3*z + 31, -3*q = -2*z - 2. What are the prime factors of (6/q)/(18/5004)?
3, 139
Suppose 0*u + 12*u - 3296 = 34432. List the prime factors of u.
2, 3, 131
Let i(j) = 2*j**3 + 9*j**2 + 27*j - 769. What are the prime factors of i(20)?
3, 11, 587
List the prime factors of (100/(-125)*-5)/(2/38572).
2, 9643
Suppose -1233*r - 1302644 = -1261*r. List the prime factors of r.
46523
Let k = -192 - 118. Let m = 872 + k. What are the prime factors of m?
2, 281
Suppose -w - 3*v = -1 + 2, -3*w + v + 17 = 0. Suppose -2*l = 4*q + 27 - w, -4*l + q = 62. What are the prime factors of 3/l - 466/(-5)?
3, 31
Let b(a) = a**3 - 17*a**2 + 369*a - 129. List the prime factors of b(22).
7, 1487
Let w(j) = -j**3 + 4*j**2 + 9*j - 10. Let v be w(4). Suppose -4*q + v - 2 = 0. Suppose -q*n + 679 + 653 = 0. List the prime factors of n.
2, 3, 37
Let z be 81 - 3/(-3 + 4). Suppose b - z = -2*b. Let j = b + -8. What are the prime factors of j?
2, 3
Suppose 26 + 16 = -7*x. Let n be -4*(x/(-16))/(9/(-174)). Let r = n + -24. What are the prime factors of r?
5
Let f(y) = y**2 + 24*y + 12. Let l be f(-10). Let d be 4/12 + (-1 - l/12). Let w(a) = 13*a - 12. What are the prime factors of w(d)?
2, 59
Suppose 2*p - 23 = 5*h - 8*h, 2*h - 30 = -5*p. Suppose 5*z - 1650 = -h*u, -2*z + 636 = 3*u - 352. List the prime factors of u.
2, 41
List the prime factors of (-405378)/(-12)*18/81.
7507
Let w = -7035 - -44668. List the prime factors of w.
37633
Let n(t) = 12*t**2 + 14*t + 18. Let s be n(-11). Let u = s + -734. What are the prime factors of (u/9 + 3)*(-6)/(-2)?
7, 29
Let c = 153 - -9484. What are the prime factors of c?
23, 419
Suppose 10*f + 20 = 5*f. What are the prime factors of f/10 + (-284)/(-10)?
2, 7
Let w be (0 - 4)/(5 + 0 - 6). List the prime factors of 737 - (30/(-60) - (-2)/w).
11, 67
Suppose b + 4*b = 4*b. Suppose b = 3*t - 2*t - 334. What are the prime factors of t?
2, 167
Let i = -16953 - -49498. What are the prime factors of i?
5, 23, 283
Suppose 4*l - 8*l = 3*f - 325, 0 = 3*f - l - 305. Suppose -f*a - 1565 = -108*a. List the prime factors of a.
313
Let o(h) = 8*h**2 + 11*h - 670. List the prime factors of o(21).
3089
Suppose 0 = 3*i, 5*i = -r + i + 4. Suppose -a - 2*a - 2*m + 179 = 0, 0 = -m + r. What are the prime factors of a?
3, 19
Suppose -5*i + 875 = -4*t, t - 10*i + 240 = -13*i. Let p = t + 473. List the prime factors of p.
2, 31
Let r(p) = 189*p**2 + 2 + 81*p**2 + 4*p + 128*p**2. List the prime factors of r(-1).
2, 3, 11
Let j be 69/(-46) + (-2)/4 - 8. List the prime factors of -1 + 5908/35 - 2/j.
2, 3, 7
List the prime factors of (-28180)/(-80)*-1*-96.
2, 3, 1409
Let q be (-4 - -1)*180/2 - 3. Let t = 279 + q. What are the prime factors of t?
2, 3
Let w(a) = -887*a - 3364. What are the prime factors of w(-11)?
3, 2131
Let t(d) = 2*d**3 - d**2 - d. Let i(s) = 3*s**3 - s**2 - 2*s + 1. Let y(p) = -2*i(p) + 5*t(p). Let k be y(5). Let w = -241 + k. What are the prime factors of w?
3, 59
Suppose 64*n = 87*n - 70058. What are the prime factors of n?
2, 1523
Suppose -217*i + 504230 + 452785 + 1134865 = 0. List the prime factors of i.
2, 5, 241
List the prime factors of (5707 - 24) + 39/3.
2, 89
Let a = 97 - 109. Let n be (-2)/(-8) - (2253/a - 1). Suppose 3*g - 3*m - 207 = 0, 0*g + 3*m - n = -3*g. What are the prime factors of g?
2, 3, 11
Let h be (-32)/(-7) + (-8)/14. Suppose -24 = -h*k + 4*b, -3*k = -7*k - b + 9. Suppose -l + 17 + k = 0. What are the prime factors of l?
2, 5
Let n(l) = -l**2 + 21*l - 9. Let g = 9 - 30. Let s be (-4)/(-2)*(g/(-6) + 0). List the prime factors of n(s).
89
Suppose -2 = -2*p - 4*o + 4, -4*o = -4. What are the prime factors of 349*(-2*p + -7 + 10)?
349
What are the prime factors of (-27960)/(-16)*1120/400?
3, 7, 233
Suppose -m - 6*k + 4*k = 772, 5*k = 2*m + 1571. What are the prime factors of (-5)/(10/m)*1?
389
Suppose 2*t - 80192 = -m, -331 = -t + m + 39771. What are the prime factors of t?
2, 3, 41, 163
Suppose -30 = q - 33. Suppose 0 = 4*z - b, 0 = -2*z - b + q*b. Suppose 2*v + z*v - 94 = 0. List the prime factors of v.
47
Suppose -3680 = 5*l - 3*k + 2*k, 0 = l - 3*k + 736. Let q = l - -1250. List the prime factors of q.
2, 257
Let j be 3/(-9) + (-1474)/6. Let u = 494 + j. What are the prime factors of u?
2, 31
Let q = 3754 + -2335. List the prime factors of q.
3, 11, 43
Let f = 431 - 423. Suppose f*v - 14*v + 54 = 0. List the prime factors of v.
3
Let o(n) be the first derivative of 8*n**2 + 14*n + 14. List the prime factors of o(4).
2, 3, 13
Let r = 16 - 14. Let o(b) = 10*b + 0*b + b**3 - 15*b**r + 11*b - 6 - 20. What are the prime factors of o(14)?
2, 3
Let r be (3*4/(-36))/(1/(-471)). Suppose -3*h = r + 86. What are the prime factors of (0 - 1)/(2 + h/39)?
13
What are the prime factors of (-3 - -22809) + 1469/(-113) + 2*4?
151
Let s = -7 - -23. Suppose -2*k - s = 130. Let u = -23 - k. List the prime factors of u.
2, 5
Let g(x) = -x**3 + 7*x**2 + 10*x - 19. Let v be g(8). What are the prime factors of v/((-27)/4200) + 4/(-6)?
2, 233
Suppose 4*q = 3*o + 10515, -27*q - o + 10495 = -23*q. List the prime factors of q.
3, 5, 7
Let f = -268 - -99. Suppose 0 = 24*s - 8528 + 2288. Let q = f + s. What are the prime factors of q?
7, 13
Suppose 37*s - 35*s = 10. Let l be (-2)/(-5) - 7/s. What are the prime factors of (l/(-1))/((-1)/(-30) - 0)?
2, 3, 5
Let a = 43 + -39. Suppose -3*k + 5138 = 5*i, -a*i + 3*k = 5*k - 4110. What are the prime factors of i?
13, 79
Let c = 3864 + 15999. What are the prime factors of c?
3, 2207
Let z = -39 + 3516. What are the prime factors of z?
3, 19, 61
Suppose 2*u - 43 = 5*t - 14, -5*t - 5 = 0. Let k(a) = 11*a**3 - 14 - 18*a - u*a**3 + 6*a - 10*a**2. List the prime factors of k(-10).
2, 53
Let s be (-144)/(-18) + -6*1. Suppose -s*t = 3*i - 491, 5*t - 4*t = -5*i + 256. What are the prime factors of t?
241
Let r = 41 - 560. List the prime factors of ((-558)/(-24))/(r/132 - -4).
11, 31
Suppose 2*t + 20*t = 18524. Let r = 1881 - t. What are the prime factors of r?
1039
Let n = 178468 + -117425. What are the prime factors of n?
61043
Let l be (-2)/(-5) - 489/(-15). Let z = 31 - l. List the prime factors of 75 - z*(-1 - (-15)/6).
2, 3, 13
Let o be ((-63)/27)/(3/(-9)). Suppose -o*c + 1786 = 442. What are the prime factors of c?
2, 3
Let k be -16091*(-2)/(-14) + 2/(-7). Let d = k + 3612. List the prime factors of d.
13, 101
List the prime factors of (-12394)/3*5*(-54)/180.
6197
Let u be (4/12)/(2/24). Let o be (u/12*-70)/(1/(-3)). Suppose -c - 5*g = -o, -2*c + 7*c - g - 454 = 0. List the prime factors of c.
2, 3, 5
Let h(i) = 2*i**3 - 164*i**2 - 92*i + 111. What are the prime factors of h(85)?
29, 1229
Suppose 0 = 4*f - 2610 - 2142. What are the prime factors of f?
2, 3, 11
Let t(u) = 150 + u**2 - 50*u - 54*u + 65*u. What are the prime factors of t(36)?
2, 3, 7
Let l(s) = -67*s**3 - s**2 - 159*s - 493. List the prime factors of l(-3).
2, 223
Suppose -2508 = -7*c + 1566. Suppose v = 2*o - 1560, -3*o - 2*v - c = -2915. What are the prime factors of o?
19, 41
Let w = 2588 + -344. Suppose w + 843 = 9*a. What are the prime factors of a?
7
Suppose -2304 = 302*x - 294*x. List the prime factors of (472/2)/(9/x*-8).
2, 59
Suppose 78*h - 68243 = 224803. What are the prime factors of h?
13, 17
Let y(t) = 2*t**2 - 23*t - 45. Let l be y(-14). Suppose 63 = 2*a - l. List the prime factors of a.
2, 3, 61
Let c(f) = 2*f**3 - 24*f**2 + 28*f - 71. Let b be c(16). Suppose 5*u + b = 5*n, 4*n + 13*u - 10*u - 1940 = 0. What are the prime factors of n?
5, 97
Let c be 1/(-3) - 1/(3/(-13)). Suppose -c*n = -3 - 17. List the prime factors of 1/(n/(-495)*-1).
3, 11
Let y(o) = 87*o - 50. Let t be y(28). Suppose -5*k + t + 1144 = 0. What are the prime factors of k?
2, 353
Suppose 3*i + 5*j - 1 - 124 = 0, -3*i - 3*j = -123. Suppose 26*l = i*l - 18312. What are the prime factors of l?
2, 3, 109
Let i(z) = z**3 - z**2 + 9*z + 46. Let s(q) = -q**2 + 3*q + 4. Let l be s(-1). List the prime factors of